{"id":900,"date":"2023-05-18T18:48:11","date_gmt":"2023-05-18T23:48:11","guid":{"rendered":"https:\/\/usadelta.com\/?page_id=900"},"modified":"2023-05-18T18:48:12","modified_gmt":"2023-05-18T23:48:12","slug":"indicaciones-de-uso","status":"publish","type":"page","link":"https:\/\/usadelta.com\/index.php\/indicaciones-de-uso\/","title":{"rendered":"Indicaciones de Uso"},"content":{"rendered":"\n<p class=\"has-medium-font-size\"><strong>Fabricaci\u00f3n:<\/strong><\/p>\n\n\n\n<p>La Fabricaci\u00f3n de los instrumentos de USA DELTA exige mucha concentraci\u00f3n y destreza. Todos y cada uno de ellos son fabricados mediante procesos manuales de doblaje, pulido, brillo, corte, ensamble, marcado, etc. Contamos con un equipo de trabajo altamente calificado y especializado en las diferentes \u00e1reas de nuestra compa\u00f1\u00eda brindando as\u00ed un excelente producto y servicio a nuestros clientes.<\/p>\n\n\n\n<p>Todos los instrumentos USADELTA son fabricados con acero inoxidable de&nbsp; alta calidad, la cual tiene unas mezclas especiales de carb\u00f3n y cromo que permiten una m\u00e1xima dureza y un brillo perdurable.<\/p>\n\n\n\n<p class=\"has-medium-font-size\"><strong>Indicaciones de Uso:<\/strong><\/p>\n\n\n\n<p>PERIOST\u00d3TOMOS: Despegar el periostio, sujetando y separando el colgajo de tal manera que el dentista consiga tener un campo visual amplio de trabajo. Dispositivos reutilizables para uso odontol\u00f3gico.<\/p>\n\n\n\n<p>EXPLORADORES Y SONDAS: Explorar o realizar un sondeo de las superficies del diente o sus periferias para establecer un diagn\u00f3stico apropiado de la condici\u00f3n de la pieza dental. Dispositivos reutilizables para uso odontol\u00f3gico.<\/p>\n\n\n\n<p>CURETAS DENTALES: Raspaje y alisado radicular. Remoci\u00f3n de tejido dentario infectado con caries. Remoci\u00f3n de sarro o c\u00e1lculo dental. Remoci\u00f3n de remanentes o tejido que pueda afectar la salud de la pieza dentaria. Dispositivos reutilizables para uso odontol\u00f3gico.<\/p>\n\n\n\n<p>CINCELES: Modelaci\u00f3n en regiones anteriores y tambi\u00e9n para trabajar el hueso. Usualmente se utilizan junto con el martillo para cortes \u00f3seos, pero adem\u00e1s tienen m\u00e1s usos espec\u00edficos como cincelar esmalte (Recortador). Dispositivos reutilizables para uso odontol\u00f3gico.<\/p>\n\n\n\n<p class=\"has-medium-font-size\"><strong>Manipulaci\u00f3n<\/strong><\/p>\n\n\n\n<p>Mantener est\u00e9ril o limpio en bandejas o Cassettes de esterilizaci\u00f3n o almacenamiento rotulados fuera de alcance de ni\u00f1os o personas no autorizadas para su manipulaci\u00f3n<\/p>\n\n\n\n<p class=\"has-medium-font-size\"><strong>Trasportes:<\/strong><\/p>\n\n\n\n<p>Se debe realizar en recipientes cerrados, que permita el aislamiento del paquete de factores externos.<\/p>\n\n\n\n<p class=\"has-medium-font-size\"><strong>Almacenamiento:<\/strong><\/p>\n\n\n\n<p>Todos los instrumentos de INDECOL S.A.S. se deben almacenar en un lugar protegido, libre de polvo, insectos y roedores, se deben ubicar en estanter\u00edas de material no poroso, ni corrosivo. Se recomienda mantener en un ambiente fresco y seco y a temperatura ambiente entre 15 a 35 \u00b0C.<\/p>\n\n\n\n<p class=\"has-medium-font-size\"><strong>Limpieza:<\/strong><\/p>\n\n\n\n<p><strong>Descontaminaci\u00f3n\/ inactivaci\u00f3n<\/strong><\/p>\n\n\n\n<p>No deje que se seque la suciedad en los instrumentos. Coloque el instrumental inmediatamente despu\u00e9s de su uso en el paciente, en cualquiera de las siguientes sustancias: Detergentes enzim\u00e1ticos por ejemplo Cidezyme (1-5 min), Alkacyme (15 min), o Enzidina (10 min) Preste mucha atenci\u00f3n a la dosis y al tiempo de exposici\u00f3n.<\/p>\n\n\n\n<p><strong>Desinfecci\u00f3n:<\/strong><\/p>\n\n\n\n<p>Se recomienda una desinfecci\u00f3n de alto nivel, Desinfectante l\u00edquido; Alkacyde &#8211; 0.17% de Glutaraldehido (15 min (D) a 60 min (E)), Glutacides (20 min (D) a 10H (E)) o Quiruger (5 a 20 min (D) \u2013 30 min (E)) Se recomienda realizar lavado mec\u00e1nico cuidadosamente con agua corriente templada, utilice cepillo de cerdas suaves, limpiando adecuadamente toda la superficie del instrumento, luego se realiza lavado con agua y secado con aire comprimido, asegur\u00e1ndose de que no quede ninguna humedad alrededor de la superficie del instrumento<\/p>\n\n\n\n<p><strong>Recomendaciones para\u00a0 Esterelizacion:<\/strong><\/p>\n\n\n\n<p>INDECOL S.A.S. no entrega sus productos est\u00e9riles. Para mayor vida \u00fatil del instrumento, inspeccione, limpie y esterilice (en autoclave o calor seco) antes de cada uso.Esterilizar durante 20 minutos a 121\u00b0C \/ 250\u00b0F. No esterilice a m\u00e1s de 177\u00b0C \/ 350 \u00b0F.Para instrumentos en silicona, no esterilice en calor seco, ni exponga a yodoformos o fenoles.<\/p>\n","protected":false},"excerpt":{"rendered":"<p>Fabricaci\u00f3n: La Fabricaci\u00f3n de los instrumentos de USA DELTA exige mucha concentraci\u00f3n y destreza. Todos y cada uno de ellos son fabricados mediante procesos manuales de doblaje, pulido, brillo, corte, ensamble, marcado, etc. Contamos con un equipo de trabajo altamente calificado y especializado en las diferentes \u00e1reas de nuestra compa\u00f1\u00eda brindando as\u00ed un excelente producto [&hellip;]<\/p>\n","protected":false},"author":2,"featured_media":0,"parent":0,"menu_order":0,"comment_status":"closed","ping_status":"closed","template":"","meta":{"footnotes":""},"class_list":["post-900","page","type-page","status-publish","hentry"],"_links":{"self":[{"href":"https:\/\/usadelta.com\/index.php\/wp-json\/wp\/v2\/pages\/900","targetHints":{"allow":["GET"]}}],"collection":[{"href":"https:\/\/usadelta.com\/index.php\/wp-json\/wp\/v2\/pages"}],"about":[{"href":"https:\/\/usadelta.com\/index.php\/wp-json\/wp\/v2\/types\/page"}],"author":[{"embeddable":true,"href":"https:\/\/usadelta.com\/index.php\/wp-json\/wp\/v2\/users\/2"}],"replies":[{"embeddable":true,"href":"https:\/\/usadelta.com\/index.php\/wp-json\/wp\/v2\/comments?post=900"}],"version-history":[{"count":1,"href":"https:\/\/usadelta.com\/index.php\/wp-json\/wp\/v2\/pages\/900\/revisions"}],"predecessor-version":[{"id":901,"href":"https:\/\/usadelta.com\/index.php\/wp-json\/wp\/v2\/pages\/900\/revisions\/901"}],"wp:attachment":[{"href":"https:\/\/usadelta.com\/index.php\/wp-json\/wp\/v2\/media?parent=900"}],"curies":[{"name":"wp","href":"https:\/\/api.w.org\/{rel}","templated":true}]}}